{"id":632,"date":"2025-11-19T14:27:44","date_gmt":"2025-11-19T14:27:44","guid":{"rendered":"https:\/\/restaurocoronel.com.br\/english\/?page_id=632"},"modified":"2026-02-24T13:11:39","modified_gmt":"2026-02-24T13:11:39","slug":"restauracao","status":"publish","type":"page","link":"https:\/\/restaurocoronel.com.br\/english\/restauracao\/","title":{"rendered":"Restaura\u00e7\u00e3o"},"content":{"rendered":"<p>[et_pb_section fb_built=&#8221;1&#8243; next_background_color=&#8221;#ffffff&#8221; admin_label=&#8221;topo&#8221; _builder_version=&#8221;4.27.4&#8243; _module_preset=&#8221;default&#8221; background_image=&#8221;https:\/\/restaurocoronel.com.br\/english\/wp-content\/uploads\/2025\/11\/bg2-8-scaled.jpg&#8221; parallax=&#8221;on&#8221; parallax_method=&#8221;off&#8221; bottom_divider_style=&#8221;mountains2&#8243; collapsed=&#8221;on&#8221; global_colors_info=&#8221;{}&#8221;][et_pb_row column_structure=&#8221;3_5,2_5&#8243; custom_padding_last_edited=&#8221;on|phone&#8221; admin_label=&#8221;bloco sobre&#8221; module_id=&#8221;sobre&#8221; _builder_version=&#8221;4.27.4&#8243; _module_preset=&#8221;default&#8221; background_color=&#8221;#FFFFFF&#8221; width=&#8221;85%&#8221; custom_margin=&#8221;||70px||false|false&#8221; custom_padding=&#8221;55px|70px||70px|false|true&#8221; custom_padding_tablet=&#8221;55px|70px||70px|false|true&#8221; custom_padding_phone=&#8221;25px|25px||25px|false|true&#8221; animation_style=&#8221;slide&#8221; animation_direction=&#8221;bottom&#8221; animation_duration=&#8221;2000ms&#8221; border_color_all=&#8221;#f2f2f2&#8243; border_style_all=&#8221;double&#8221; border_width_bottom=&#8221;0px&#8221; collapsed=&#8221;on&#8221; global_colors_info=&#8221;{}&#8221;][et_pb_column type=&#8221;3_5&#8243; _builder_version=&#8221;4.27.4&#8243; _module_preset=&#8221;default&#8221; global_colors_info=&#8221;{}&#8221;][et_pb_text _builder_version=&#8221;4.27.4&#8243; _module_preset=&#8221;default&#8221; header_2_text_align=&#8221;left&#8221; header_4_text_align=&#8221;left&#8221; global_colors_info=&#8221;{}&#8221;]<\/p>\n<h2>Preservation and Restoration<\/h2>\n<h4>of the Coronel Pinto Ferraz City School<\/h4>\n<p>[\/et_pb_text][et_pb_divider color=&#8221;#F0BD6D&#8221; divider_weight=&#8221;2px&#8221; _builder_version=&#8221;4.27.4&#8243; _module_preset=&#8221;default&#8221; global_colors_info=&#8221;{}&#8221;][\/et_pb_divider][et_pb_text _builder_version=&#8221;4.27.4&#8243; _module_preset=&#8221;default&#8221; global_colors_info=&#8221;{}&#8221;]<\/p>\n<p>\u201cEscola Coronel\u201d, originally named \u201cGrupo Escolar\u201d of Ribeir\u00e3o Bonito, was the original school of the city, founded on October 12, 1909. The building reflects the value that the new republican regime placed on education.<br \/>The Associa\u00e7\u00e3o de Restauro da Escola Coronel Pinto Ferraz, located in Ribeir\u00e3o Bonito, is working to ensure that this architectural exemplar has its characteristics preserved while following state and federally-mandated safety and accessibility rules.<\/p>\n<p>[\/et_pb_text][\/et_pb_column][et_pb_column type=&#8221;2_5&#8243; _builder_version=&#8221;4.27.4&#8243; _module_preset=&#8221;default&#8221; global_colors_info=&#8221;{}&#8221;][et_pb_image src=&#8221;https:\/\/restaurocoronel.com.br\/english\/wp-content\/uploads\/2025\/11\/1.jpg&#8221; title_text=&#8221;1&#8243; align=&#8221;center&#8221; _builder_version=&#8221;4.27.4&#8243; _module_preset=&#8221;default&#8221; module_alignment=&#8221;center&#8221; custom_margin=&#8221;95px||||false|false&#8221; custom_margin_tablet=&#8221;95px||||false|false&#8221; custom_margin_phone=&#8221;10px||||false|false&#8221; custom_margin_last_edited=&#8221;on|phone&#8221; global_colors_info=&#8221;{}&#8221;][\/et_pb_image][\/et_pb_column][\/et_pb_row][\/et_pb_section][et_pb_section fb_built=&#8221;1&#8243; next_background_color=&#8221;#f9f2e8&#8243; admin_label=&#8221;galeria&#8221; _builder_version=&#8221;4.27.4&#8243; _module_preset=&#8221;default&#8221; bottom_divider_style=&#8221;mountains2&#8243; collapsed=&#8221;off&#8221; global_colors_info=&#8221;{}&#8221;][et_pb_row _builder_version=&#8221;4.27.4&#8243; _module_preset=&#8221;default&#8221; custom_margin=&#8221;-40px||||false|false&#8221; global_colors_info=&#8221;{}&#8221; collapsed=&#8221;on&#8221;][et_pb_column type=&#8221;4_4&#8243; _builder_version=&#8221;4.27.4&#8243; _module_preset=&#8221;default&#8221; global_colors_info=&#8221;{}&#8221;][et_pb_text _builder_version=&#8221;4.27.4&#8243; _module_preset=&#8221;default&#8221; header_2_text_align=&#8221;left&#8221; header_3_text_align=&#8221;center&#8221; header_4_text_align=&#8221;left&#8221; animation_style=&#8221;slide&#8221; animation_direction=&#8221;top&#8221; animation_duration=&#8221;2000ms&#8221; global_colors_info=&#8221;{}&#8221;]<\/p>\n<h3>Historical Recognition<\/h3>\n<p>[\/et_pb_text][et_pb_divider color=&#8221;#F0BD6D&#8221; divider_weight=&#8221;2px&#8221; _builder_version=&#8221;4.27.4&#8243; _module_preset=&#8221;default&#8221; width=&#8221;50%&#8221; max_width=&#8221;50%&#8221; module_alignment=&#8221;center&#8221; global_colors_info=&#8221;{}&#8221;][\/et_pb_divider][et_pb_text _builder_version=&#8221;4.27.4&#8243; _module_preset=&#8221;default&#8221; global_colors_info=&#8221;{}&#8221;]<\/p>\n<p><strong>\u201cEscola Coronel\u201d <\/strong>has an undeniable historical value, being listed as such by <strong>CONDEPHAAT (Conselho de Defesa do Patrim\u00f4nio Hist\u00f3rico, Art\u00edstico e Tur\u00edstico do Estado de S\u00e3o Paulo) <\/strong>in July 21, 2010.<\/p>\n<p>[\/et_pb_text][\/et_pb_column][\/et_pb_row][et_pb_row _builder_version=&#8221;4.27.4&#8243; _module_preset=&#8221;default&#8221; custom_margin=&#8221;||80px||false|false&#8221; animation_style=&#8221;slide&#8221; animation_direction=&#8221;bottom&#8221; animation_duration=&#8221;2000ms&#8221; collapsed=&#8221;off&#8221; global_colors_info=&#8221;{}&#8221;][et_pb_column type=&#8221;4_4&#8243; _builder_version=&#8221;4.27.4&#8243; _module_preset=&#8221;default&#8221; global_colors_info=&#8221;{}&#8221;][et_pb_text _builder_version=&#8221;4.27.4&#8243; _module_preset=&#8221;default&#8221; header_2_text_align=&#8221;left&#8221; header_3_text_align=&#8221;center&#8221; header_4_text_align=&#8221;left&#8221; animation_style=&#8221;slide&#8221; animation_direction=&#8221;top&#8221; animation_duration=&#8221;2000ms&#8221; global_colors_info=&#8221;{}&#8221;]<\/p>\n<h3>Architectural Characteristics and the Need for Restoration<\/h3>\n<p>[\/et_pb_text][et_pb_divider color=&#8221;#F0BD6D&#8221; divider_weight=&#8221;2px&#8221; _builder_version=&#8221;4.27.4&#8243; _module_preset=&#8221;default&#8221; width=&#8221;50%&#8221; max_width=&#8221;50%&#8221; module_alignment=&#8221;center&#8221; global_colors_info=&#8221;{}&#8221;][\/et_pb_divider][et_pb_text _builder_version=&#8221;4.27.4&#8243; _module_preset=&#8221;default&#8221; hover_enabled=&#8221;0&#8243; global_colors_info=&#8221;{}&#8221; sticky_enabled=&#8221;0&#8243;]<\/p>\n<p>The building is a notable example of the eclectic architectural style of the 19th century known for the mixing of diverse styles along with opportunities for the exercise of creative freedom.<br \/><strong>1. Classical and Symmetrical Make-up:<\/strong> The classical principle of tripartite composition (base, body and crown) was used. The floor plan was designed symmetrically to separate the students by gender (boys and girls) in opposite wings.<br \/><strong>2. Historical Elements to be Preserved and Restored:<\/strong><br \/><strong>\u25e6\u00a0Artistic Paintings:<\/strong> Elegant motifs decorated the inner walls. Some of these paintings can still be found beneath the layers of old paint as determined by research done in 2025. The restoration will ensure that this style is fully preserved.<br \/><strong>\u25e6\u00a0Flooring:<\/strong> The main corridor originally had traditional \u201chydraulic\u201d hand-produced tiles typical of Brazil, with multi-colored geometric and floral designs. A remaining example of them seen in other Manuel Sabater projects can be found in a small outdoor area. Over the years through various remodelings, the traditional tiles were replaced by terrazzo tiles. The traditional \u201chydraulic\u201d tiles will be re-installed in the corridors.<br \/><strong>\u25e6\u00a0Window Frames:<\/strong> Today, the building has steel frames in the windows. The original frames were made of wood, having two openings and glass panes. They will be restored.<\/p>\n<p>The building has gone through renovations during the past century to ensure safety and accessibility. In the current restoration, an effort is being made to restore original features, so that this quality of eclecticism is preserved.<\/p>\n<p>[\/et_pb_text][\/et_pb_column][\/et_pb_row][\/et_pb_section][et_pb_section fb_built=&#8221;1&#8243; admin_label=&#8221;contato&#8221; module_id=&#8221;contato&#8221; _builder_version=&#8221;4.27.4&#8243; _module_preset=&#8221;default&#8221; background_color=&#8221;#f9f2e8&#8243; background_enable_image=&#8221;off&#8221; parallax=&#8221;on&#8221; parallax_method=&#8221;off&#8221; global_module=&#8221;476&#8243; saved_tabs=&#8221;all&#8221; collapsed=&#8221;off&#8221; global_colors_info=&#8221;{}&#8221;][et_pb_row column_structure=&#8221;1_2,1_2&#8243; use_custom_gutter=&#8221;on&#8221; _builder_version=&#8221;4.27.4&#8243; _module_preset=&#8221;default&#8221; custom_margin=&#8221;-60px||||false|false&#8221; collapsed=&#8221;off&#8221; global_colors_info=&#8221;{}&#8221;][et_pb_column type=&#8221;1_2&#8243; _builder_version=&#8221;4.27.4&#8243; _module_preset=&#8221;default&#8221; global_colors_info=&#8221;{}&#8221;][et_pb_image src=&#8221;https:\/\/restaurocoronel.com.br\/english\/wp-content\/uploads\/2025\/11\/LOGOhorizontal3-3.png&#8221; title_text=&#8221;LOGOhorizontal3&#8243; align=&#8221;right&#8221; _builder_version=&#8221;4.27.4&#8243; _module_preset=&#8221;default&#8221; custom_margin=&#8221;5px||||false|false&#8221; animation_style=&#8221;slide&#8221; animation_direction=&#8221;left&#8221; animation_duration=&#8221;2000ms&#8221; global_colors_info=&#8221;{}&#8221;][\/et_pb_image][\/et_pb_column][et_pb_column type=&#8221;1_2&#8243; _builder_version=&#8221;4.27.4&#8243; _module_preset=&#8221;default&#8221; global_colors_info=&#8221;{}&#8221;][et_pb_blurb title=&#8221;+55 (16) 99753-7252&#8243; use_icon=&#8221;on&#8221; font_icon=&#8221;&#xf879;||fa||900&#8243; icon_placement=&#8221;left&#8221; image_icon_width=&#8221;28px&#8221; _builder_version=&#8221;4.27.4&#8243; _module_preset=&#8221;default&#8221; header_text_align=&#8221;left&#8221; header_font_size=&#8221;26px&#8221; custom_margin=&#8221;5px||||false|false&#8221; animation_style=&#8221;slide&#8221; animation_direction=&#8221;right&#8221; animation_duration=&#8221;2000ms&#8221; global_colors_info=&#8221;{}&#8221;][\/et_pb_blurb][et_pb_blurb title=&#8221;contato@restaurocoronel.com.br&#8221; use_icon=&#8221;on&#8221; font_icon=&#8221;&#xe076;||divi||400&#8243; icon_placement=&#8221;left&#8221; image_icon_width=&#8221;28px&#8221; _builder_version=&#8221;4.27.4&#8243; _module_preset=&#8221;default&#8221; header_text_align=&#8221;left&#8221; header_font_size=&#8221;22px&#8221; custom_margin=&#8221;-15px||||false|false&#8221; animation_style=&#8221;slide&#8221; animation_direction=&#8221;right&#8221; animation_duration=&#8221;2000ms&#8221; global_colors_info=&#8221;{}&#8221;][\/et_pb_blurb][\/et_pb_column][\/et_pb_row][et_pb_row _builder_version=&#8221;4.27.4&#8243; _module_preset=&#8221;default&#8221; global_colors_info=&#8221;{}&#8221;][et_pb_column type=&#8221;4_4&#8243; _builder_version=&#8221;4.27.4&#8243; _module_preset=&#8221;default&#8221; global_colors_info=&#8221;{}&#8221;][et_pb_image src=&#8221;https:\/\/restaurocoronel.com.br\/english\/wp-content\/uploads\/2025\/11\/separadorINF-1.png&#8221; title_text=&#8221;separadorINF&#8221; align=&#8221;center&#8221; _builder_version=&#8221;4.27.4&#8243; _module_preset=&#8221;default&#8221; width=&#8221;300px&#8221; max_width=&#8221;300px&#8221; module_alignment=&#8221;center&#8221; custom_margin=&#8221;-20px||-40px||false|false&#8221; animation_style=&#8221;slide&#8221; animation_direction=&#8221;bottom&#8221; animation_duration=&#8221;2000ms&#8221; global_colors_info=&#8221;{}&#8221;][\/et_pb_image][\/et_pb_column][\/et_pb_row][\/et_pb_section]<\/p>\n","protected":false},"excerpt":{"rendered":"<p>Preservation and Restoration of the Coronel Pinto Ferraz City School\u201cEscola Coronel\u201d, originally named \u201cGrupo Escolar\u201d of Ribeir\u00e3o Bonito, was the original school of the city, founded on October 12, 1909. The building reflects the value that the new republican regime placed on education.The Associa\u00e7\u00e3o de Restauro da Escola Coronel Pinto Ferraz, located in Ribeir\u00e3o Bonito, [&hellip;]<\/p>\n","protected":false},"author":1,"featured_media":0,"parent":0,"menu_order":0,"comment_status":"closed","ping_status":"closed","template":"","meta":{"_et_pb_use_builder":"on","_et_pb_old_content":"","_et_gb_content_width":"","footnotes":""},"class_list":["post-632","page","type-page","status-publish","hentry"],"_links":{"self":[{"href":"https:\/\/restaurocoronel.com.br\/english\/wp-json\/wp\/v2\/pages\/632","targetHints":{"allow":["GET"]}}],"collection":[{"href":"https:\/\/restaurocoronel.com.br\/english\/wp-json\/wp\/v2\/pages"}],"about":[{"href":"https:\/\/restaurocoronel.com.br\/english\/wp-json\/wp\/v2\/types\/page"}],"author":[{"embeddable":true,"href":"https:\/\/restaurocoronel.com.br\/english\/wp-json\/wp\/v2\/users\/1"}],"replies":[{"embeddable":true,"href":"https:\/\/restaurocoronel.com.br\/english\/wp-json\/wp\/v2\/comments?post=632"}],"version-history":[{"count":9,"href":"https:\/\/restaurocoronel.com.br\/english\/wp-json\/wp\/v2\/pages\/632\/revisions"}],"predecessor-version":[{"id":756,"href":"https:\/\/restaurocoronel.com.br\/english\/wp-json\/wp\/v2\/pages\/632\/revisions\/756"}],"wp:attachment":[{"href":"https:\/\/restaurocoronel.com.br\/english\/wp-json\/wp\/v2\/media?parent=632"}],"curies":[{"name":"wp","href":"https:\/\/api.w.org\/{rel}","templated":true}]}}