{"id":598,"date":"2025-11-19T13:49:37","date_gmt":"2025-11-19T13:49:37","guid":{"rendered":"https:\/\/restaurocoronel.com.br\/english\/?page_id=598"},"modified":"2026-02-24T13:06:13","modified_gmt":"2026-02-24T13:06:13","slug":"escola","status":"publish","type":"page","link":"https:\/\/restaurocoronel.com.br\/english\/escola\/","title":{"rendered":"Escola"},"content":{"rendered":"<p>[et_pb_section fb_built=&#8221;1&#8243; next_background_color=&#8221;#ffffff&#8221; admin_label=&#8221;topo&#8221; _builder_version=&#8221;4.27.4&#8243; _module_preset=&#8221;default&#8221; background_image=&#8221;https:\/\/restaurocoronel.com.br\/english\/wp-content\/uploads\/2025\/11\/bg2-8-scaled.jpg&#8221; parallax=&#8221;on&#8221; parallax_method=&#8221;off&#8221; bottom_divider_style=&#8221;mountains2&#8243; collapsed=&#8221;on&#8221; global_colors_info=&#8221;{}&#8221;][et_pb_row column_structure=&#8221;3_5,2_5&#8243; custom_padding_last_edited=&#8221;on|phone&#8221; admin_label=&#8221;bloco sobre&#8221; module_id=&#8221;sobre&#8221; _builder_version=&#8221;4.27.4&#8243; _module_preset=&#8221;default&#8221; background_color=&#8221;#FFFFFF&#8221; width=&#8221;85%&#8221; custom_margin=&#8221;||70px||false|false&#8221; custom_padding=&#8221;55px|70px||70px|false|true&#8221; custom_padding_tablet=&#8221;55px|70px||70px|false|true&#8221; custom_padding_phone=&#8221;25px|25px||25px|false|true&#8221; animation_style=&#8221;slide&#8221; animation_direction=&#8221;bottom&#8221; animation_duration=&#8221;2000ms&#8221; border_color_all=&#8221;#f2f2f2&#8243; border_style_all=&#8221;double&#8221; border_width_bottom=&#8221;0px&#8221; collapsed=&#8221;on&#8221; global_colors_info=&#8221;{}&#8221;][et_pb_column type=&#8221;3_5&#8243; _builder_version=&#8221;4.27.4&#8243; _module_preset=&#8221;default&#8221; global_colors_info=&#8221;{}&#8221;][et_pb_text _builder_version=&#8221;4.27.4&#8243; _module_preset=&#8221;default&#8221; header_2_text_align=&#8221;left&#8221; header_4_text_align=&#8221;left&#8221; global_colors_info=&#8221;{}&#8221;]<\/p>\n<h2>The Ribeir\u00e3o Bonito<\/h2>\n<h4>\u201cEscola Coronel\u201d<\/h4>\n<p>[\/et_pb_text][et_pb_divider color=&#8221;#F0BD6D&#8221; divider_weight=&#8221;2px&#8221; _builder_version=&#8221;4.27.4&#8243; _module_preset=&#8221;default&#8221; global_colors_info=&#8221;{}&#8221;][\/et_pb_divider][et_pb_text _builder_version=&#8221;4.27.4&#8243; _module_preset=&#8221;default&#8221; custom_margin=&#8221;||30px||false|false&#8221; global_colors_info=&#8221;{}&#8221;]<\/p>\n<p>Our \u201cEscola Coronel\u201d was the city\u2019s first \u201cgrupo escolar\u201d. Founded on October 12, 1909 to fulfill objectives of the First Republic Period, which proposed major changes to educational organization and teaching practices <strong>(ALVES; SOUZA, 2021, p. 33).<\/strong> The land for its construction was donated partly by Ribeir\u00e3o Bonito and by Senator Jo\u00e3o Batista de Mello Peixoto. The design was created by a r q u i t e c t Manuel Sabater and t he building was registered as a site of historical significance by <strong>CONDEPHAAT &#8211; Conselho de Defesa do Patrim\u00f4nio Hist\u00f3rico, Arqueol\u00f3gico e Tur\u00edstico do Estado de S\u00e3o Paulo<\/strong> in July 21, 2010 <strong>(Di\u00e1rio Oficial de 11 de novembro de 2010, pgs 112 a 114).<\/strong><\/p>\n<p>[\/et_pb_text][\/et_pb_column][et_pb_column type=&#8221;2_5&#8243; _builder_version=&#8221;4.27.4&#8243; _module_preset=&#8221;default&#8221; global_colors_info=&#8221;{}&#8221;][et_pb_image src=&#8221;https:\/\/restaurocoronel.com.br\/english\/wp-content\/uploads\/2025\/11\/1.jpg&#8221; title_text=&#8221;1&#8243; align=&#8221;center&#8221; _builder_version=&#8221;4.27.4&#8243; _module_preset=&#8221;default&#8221; module_alignment=&#8221;center&#8221; custom_margin=&#8221;95px||||false|false&#8221; custom_margin_tablet=&#8221;95px||||false|false&#8221; custom_margin_phone=&#8221;10px||||false|false&#8221; custom_margin_last_edited=&#8221;on|phone&#8221; global_colors_info=&#8221;{}&#8221;][\/et_pb_image][\/et_pb_column][\/et_pb_row][\/et_pb_section][et_pb_section fb_built=&#8221;1&#8243; next_background_color=&#8221;#f9f2e8&#8243; admin_label=&#8221;galeria&#8221; _builder_version=&#8221;4.27.4&#8243; _module_preset=&#8221;default&#8221; bottom_divider_style=&#8221;mountains2&#8243; collapsed=&#8221;off&#8221; global_colors_info=&#8221;{}&#8221;][et_pb_row _builder_version=&#8221;4.27.4&#8243; _module_preset=&#8221;default&#8221; custom_margin=&#8221;-40px||||false|false&#8221; global_colors_info=&#8221;{}&#8221; collapsed=&#8221;on&#8221;][et_pb_column type=&#8221;4_4&#8243; _builder_version=&#8221;4.27.4&#8243; _module_preset=&#8221;default&#8221; global_colors_info=&#8221;{}&#8221;][et_pb_text _builder_version=&#8221;4.27.4&#8243; _module_preset=&#8221;default&#8221; header_2_text_align=&#8221;left&#8221; header_3_text_align=&#8221;center&#8221; header_4_text_align=&#8221;left&#8221; animation_style=&#8221;slide&#8221; animation_direction=&#8221;top&#8221; animation_duration=&#8221;2000ms&#8221; hover_enabled=&#8221;0&#8243; global_colors_info=&#8221;{}&#8221; sticky_enabled=&#8221;0&#8243;]<\/p>\n<h3>General Context<\/h3>\n<p>[\/et_pb_text][et_pb_divider color=&#8221;#F0BD6D&#8221; divider_weight=&#8221;2px&#8221; _builder_version=&#8221;4.27.4&#8243; _module_preset=&#8221;default&#8221; width=&#8221;50%&#8221; max_width=&#8221;50%&#8221; module_alignment=&#8221;center&#8221; global_colors_info=&#8221;{}&#8221;][\/et_pb_divider][\/et_pb_column][\/et_pb_row][et_pb_row _builder_version=&#8221;4.27.4&#8243; _module_preset=&#8221;default&#8221; custom_margin=&#8221;||80px||false|false&#8221; animation_style=&#8221;slide&#8221; animation_direction=&#8221;bottom&#8221; animation_duration=&#8221;2000ms&#8221; collapsed=&#8221;off&#8221; global_colors_info=&#8221;{}&#8221;][et_pb_column type=&#8221;4_4&#8243; _builder_version=&#8221;4.27.4&#8243; _module_preset=&#8221;default&#8221; global_colors_info=&#8221;{}&#8221;][et_pb_text _builder_version=&#8221;4.27.4&#8243; _module_preset=&#8221;default&#8221; hover_enabled=&#8221;0&#8243; global_colors_info=&#8221;{}&#8221; sticky_enabled=&#8221;0&#8243;]<\/p>\n<p>Brazil became a republic in 1889 and from the 1890\u2019s to the early 20\u2019s the new leaders of the Republic had some specific ideas to develop Brazilian society. Primary education was to be mandatory, univeral and free. Driven by the progress of the coffee industry and railroads, the <strong>Government of the state of S\u00e3o Paulo<\/strong> built over 123 public schools. The new school standard, popularly named \u201cGrupo Escolar\u201d, represented modernity and rationality; aligned with the ideals of progress, civility and patriotism of the new regime\u201d <strong>(ALVES; SOUZA,2021, p.34)<\/strong> which aimed to eliminate illiteracy within the population and create informed citizens throughout the state. <strong>(BADUY; RIBEIRO, 2020).<\/strong><br \/>During this period, the use of standard designs predominated. The adoption of this practice allowed each new school to be repeated and adapted to the different needs of size and physical constraints, such as the topography of their cities. The designer had freedom to compose the facades as a way of giving identity to the building , using decorative elements of the time, making each building unique. In terms of design the schools had classrooms for boys and girls, teachers\u2019 room and space for a principal\u2019s office. Restrooms and sports facilities were built outside of the core building. In terms of construction, a high basement allowing for natural ventilation was used as a way of adapting to the different topographies, and the symmetrical approach ensured spatial clarity <strong>(ARQUITETURA ESCOLAR PAULISTA, 1998 E VICENTE; FATTORE, 2010).<\/strong><\/p>\n<p>[\/et_pb_text][\/et_pb_column][\/et_pb_row][\/et_pb_section][et_pb_section fb_built=&#8221;1&#8243; admin_label=&#8221;contato&#8221; module_id=&#8221;contato&#8221; _builder_version=&#8221;4.27.4&#8243; _module_preset=&#8221;default&#8221; background_color=&#8221;#f9f2e8&#8243; background_enable_image=&#8221;off&#8221; parallax=&#8221;on&#8221; parallax_method=&#8221;off&#8221; global_module=&#8221;476&#8243; saved_tabs=&#8221;all&#8221; collapsed=&#8221;off&#8221; global_colors_info=&#8221;{}&#8221;][et_pb_row column_structure=&#8221;1_2,1_2&#8243; use_custom_gutter=&#8221;on&#8221; _builder_version=&#8221;4.27.4&#8243; _module_preset=&#8221;default&#8221; custom_margin=&#8221;-60px||||false|false&#8221; collapsed=&#8221;off&#8221; global_colors_info=&#8221;{}&#8221;][et_pb_column type=&#8221;1_2&#8243; _builder_version=&#8221;4.27.4&#8243; _module_preset=&#8221;default&#8221; global_colors_info=&#8221;{}&#8221;][et_pb_image src=&#8221;https:\/\/restaurocoronel.com.br\/english\/wp-content\/uploads\/2025\/11\/LOGOhorizontal3-3.png&#8221; title_text=&#8221;LOGOhorizontal3&#8243; align=&#8221;right&#8221; _builder_version=&#8221;4.27.4&#8243; _module_preset=&#8221;default&#8221; custom_margin=&#8221;5px||||false|false&#8221; animation_style=&#8221;slide&#8221; animation_direction=&#8221;left&#8221; animation_duration=&#8221;2000ms&#8221; global_colors_info=&#8221;{}&#8221;][\/et_pb_image][\/et_pb_column][et_pb_column type=&#8221;1_2&#8243; _builder_version=&#8221;4.27.4&#8243; _module_preset=&#8221;default&#8221; global_colors_info=&#8221;{}&#8221;][et_pb_blurb title=&#8221;+55 (16) 99753-7252&#8243; use_icon=&#8221;on&#8221; font_icon=&#8221;&#xf879;||fa||900&#8243; icon_placement=&#8221;left&#8221; image_icon_width=&#8221;28px&#8221; _builder_version=&#8221;4.27.4&#8243; _module_preset=&#8221;default&#8221; header_text_align=&#8221;left&#8221; header_font_size=&#8221;26px&#8221; custom_margin=&#8221;5px||||false|false&#8221; animation_style=&#8221;slide&#8221; animation_direction=&#8221;right&#8221; animation_duration=&#8221;2000ms&#8221; global_colors_info=&#8221;{}&#8221;][\/et_pb_blurb][et_pb_blurb title=&#8221;contato@restaurocoronel.com.br&#8221; use_icon=&#8221;on&#8221; font_icon=&#8221;&#xe076;||divi||400&#8243; icon_placement=&#8221;left&#8221; image_icon_width=&#8221;28px&#8221; _builder_version=&#8221;4.27.4&#8243; _module_preset=&#8221;default&#8221; header_text_align=&#8221;left&#8221; header_font_size=&#8221;22px&#8221; custom_margin=&#8221;-15px||||false|false&#8221; animation_style=&#8221;slide&#8221; animation_direction=&#8221;right&#8221; animation_duration=&#8221;2000ms&#8221; global_colors_info=&#8221;{}&#8221;][\/et_pb_blurb][\/et_pb_column][\/et_pb_row][et_pb_row _builder_version=&#8221;4.27.4&#8243; _module_preset=&#8221;default&#8221; global_colors_info=&#8221;{}&#8221;][et_pb_column type=&#8221;4_4&#8243; _builder_version=&#8221;4.27.4&#8243; _module_preset=&#8221;default&#8221; global_colors_info=&#8221;{}&#8221;][et_pb_image src=&#8221;https:\/\/restaurocoronel.com.br\/english\/wp-content\/uploads\/2025\/11\/separadorINF-1.png&#8221; title_text=&#8221;separadorINF&#8221; align=&#8221;center&#8221; _builder_version=&#8221;4.27.4&#8243; _module_preset=&#8221;default&#8221; width=&#8221;300px&#8221; max_width=&#8221;300px&#8221; module_alignment=&#8221;center&#8221; custom_margin=&#8221;-20px||-40px||false|false&#8221; animation_style=&#8221;slide&#8221; animation_direction=&#8221;bottom&#8221; animation_duration=&#8221;2000ms&#8221; global_colors_info=&#8221;{}&#8221;][\/et_pb_image][\/et_pb_column][\/et_pb_row][\/et_pb_section]<\/p>\n","protected":false},"excerpt":{"rendered":"<p>The Ribeir\u00e3o Bonito \u201cEscola Coronel\u201dOur \u201cEscola Coronel\u201d was the city\u2019s first \u201cgrupo escolar\u201d. Founded on October 12, 1909 to fulfill objectives of the First Republic Period, which proposed major changes to educational organization and teaching practices (ALVES; SOUZA, 2021, p. 33). The land for its construction was donated partly by Ribeir\u00e3o Bonito and by Senator [&hellip;]<\/p>\n","protected":false},"author":1,"featured_media":0,"parent":0,"menu_order":0,"comment_status":"closed","ping_status":"closed","template":"","meta":{"_et_pb_use_builder":"on","_et_pb_old_content":"","_et_gb_content_width":"","footnotes":""},"class_list":["post-598","page","type-page","status-publish","hentry"],"_links":{"self":[{"href":"https:\/\/restaurocoronel.com.br\/english\/wp-json\/wp\/v2\/pages\/598","targetHints":{"allow":["GET"]}}],"collection":[{"href":"https:\/\/restaurocoronel.com.br\/english\/wp-json\/wp\/v2\/pages"}],"about":[{"href":"https:\/\/restaurocoronel.com.br\/english\/wp-json\/wp\/v2\/types\/page"}],"author":[{"embeddable":true,"href":"https:\/\/restaurocoronel.com.br\/english\/wp-json\/wp\/v2\/users\/1"}],"replies":[{"embeddable":true,"href":"https:\/\/restaurocoronel.com.br\/english\/wp-json\/wp\/v2\/comments?post=598"}],"version-history":[{"count":20,"href":"https:\/\/restaurocoronel.com.br\/english\/wp-json\/wp\/v2\/pages\/598\/revisions"}],"predecessor-version":[{"id":745,"href":"https:\/\/restaurocoronel.com.br\/english\/wp-json\/wp\/v2\/pages\/598\/revisions\/745"}],"wp:attachment":[{"href":"https:\/\/restaurocoronel.com.br\/english\/wp-json\/wp\/v2\/media?parent=598"}],"curies":[{"name":"wp","href":"https:\/\/api.w.org\/{rel}","templated":true}]}}